[INFO] cloning repository https://github.com/dobrite/dood-rs
[INFO] running `Command { std: "git" "-c" "credential.helper=" "-c" "credential.helper=/workspace/cargo-home/bin/git-credential-null" "clone" "--bare" "https://github.com/dobrite/dood-rs" "/workspace/cache/git-repos/https%3A%2F%2Fgithub.com%2Fdobrite%2Fdood-rs", kill_on_drop: false }`
[INFO] [stderr] Cloning into bare repository '/workspace/cache/git-repos/https%3A%2F%2Fgithub.com%2Fdobrite%2Fdood-rs'...
[INFO] running `Command { std: "git" "rev-parse" "HEAD", kill_on_drop: false }`
[INFO] [stdout] bc82ed45a59ade3529ebf7bdea9fddcbcce85059
[INFO] checking dobrite/dood-rs against master#af3c6e733a40e671550e0f0f5aeecaa13772ba56 for pr-74989
[INFO] running `Command { std: "git" "clone" "/workspace/cache/git-repos/https%3A%2F%2Fgithub.com%2Fdobrite%2Fdood-rs" "/workspace/builds/worker-4/source", kill_on_drop: false }`
[INFO] [stderr] Cloning into '/workspace/builds/worker-4/source'...
[INFO] [stderr] done.
[INFO] validating manifest of git repo https://github.com/dobrite/dood-rs on toolchain af3c6e733a40e671550e0f0f5aeecaa13772ba56
[INFO] running `Command { std: "/workspace/cargo-home/bin/cargo" "+af3c6e733a40e671550e0f0f5aeecaa13772ba56" "read-manifest" "--manifest-path" "Cargo.toml", kill_on_drop: false }`
[INFO] started tweaking git repo https://github.com/dobrite/dood-rs
[INFO] finished tweaking git repo https://github.com/dobrite/dood-rs
[INFO] tweaked toml for git repo https://github.com/dobrite/dood-rs written to /workspace/builds/worker-4/source/Cargo.toml
[INFO] crate git repo https://github.com/dobrite/dood-rs already has a lockfile, it will not be regenerated
[INFO] running `Command { std: "/workspace/cargo-home/bin/cargo" "+af3c6e733a40e671550e0f0f5aeecaa13772ba56" "fetch" "--locked" "--manifest-path" "Cargo.toml", kill_on_drop: false }`
[INFO] [stderr]     Blocking waiting for file lock on package cache
[INFO] [stderr] error: the lock file /workspace/builds/worker-4/source/Cargo.lock needs to be updated but --locked was passed to prevent this
[INFO] [stderr] If you want to try to generate the lock file without accessing the network, use the --offline flag.
[INFO] the lockfile is outdated, regenerating it
[INFO] running `Command { std: "/workspace/cargo-home/bin/cargo" "+af3c6e733a40e671550e0f0f5aeecaa13772ba56" "generate-lockfile" "--manifest-path" "Cargo.toml" "-Zno-index-update", kill_on_drop: false }`
[INFO] running `Command { std: "/workspace/cargo-home/bin/cargo" "+af3c6e733a40e671550e0f0f5aeecaa13772ba56" "fetch" "--locked" "--manifest-path" "Cargo.toml", kill_on_drop: false }`
[INFO] running `Command { std: "docker" "create" "-v" "/var/lib/crater-agent-workspace/builds/worker-4/target:/opt/rustwide/target:rw,Z" "-v" "/var/lib/crater-agent-workspace/builds/worker-4/source:/opt/rustwide/workdir:ro,Z" "-v" "/var/lib/crater-agent-workspace/cargo-home:/opt/rustwide/cargo-home:ro,Z" "-v" "/var/lib/crater-agent-workspace/rustup-home:/opt/rustwide/rustup-home:ro,Z" "-e" "SOURCE_DIR=/opt/rustwide/workdir" "-e" "CARGO_TARGET_DIR=/opt/rustwide/target" "-e" "CARGO_HOME=/opt/rustwide/cargo-home" "-e" "RUSTUP_HOME=/opt/rustwide/rustup-home" "-w" "/opt/rustwide/workdir" "-m" "1610612736" "--user" "0:0" "--network" "none" "rustops/crates-build-env@sha256:d92eaeed33fa75130ca1ee6c8a01d1ffb62bac859dfdfb3450e3e5d1c0146529" "/opt/rustwide/cargo-home/bin/cargo" "+af3c6e733a40e671550e0f0f5aeecaa13772ba56" "metadata" "--no-deps" "--format-version=1", kill_on_drop: false }`
[INFO] [stdout] 032c3ace483e03d974c596f2be29c85223893eb141470f4d403eef5c3ef32b9c
[INFO] [stderr] WARNING: Your kernel does not support swap limit capabilities or the cgroup is not mounted. Memory limited without swap.
[INFO] running `Command { std: "docker" "start" "-a" "032c3ace483e03d974c596f2be29c85223893eb141470f4d403eef5c3ef32b9c", kill_on_drop: false }`
[INFO] running `Command { std: "docker" "inspect" "032c3ace483e03d974c596f2be29c85223893eb141470f4d403eef5c3ef32b9c", kill_on_drop: false }`
[INFO] running `Command { std: "docker" "rm" "-f" "032c3ace483e03d974c596f2be29c85223893eb141470f4d403eef5c3ef32b9c", kill_on_drop: false }`
[INFO] [stdout] 032c3ace483e03d974c596f2be29c85223893eb141470f4d403eef5c3ef32b9c
[INFO] running `Command { std: "docker" "create" "-v" "/var/lib/crater-agent-workspace/builds/worker-4/target:/opt/rustwide/target:rw,Z" "-v" "/var/lib/crater-agent-workspace/builds/worker-4/source:/opt/rustwide/workdir:ro,Z" "-v" "/var/lib/crater-agent-workspace/cargo-home:/opt/rustwide/cargo-home:ro,Z" "-v" "/var/lib/crater-agent-workspace/rustup-home:/opt/rustwide/rustup-home:ro,Z" "-e" "SOURCE_DIR=/opt/rustwide/workdir" "-e" "CARGO_TARGET_DIR=/opt/rustwide/target" "-e" "CARGO_INCREMENTAL=0" "-e" "RUST_BACKTRACE=full" "-e" "RUSTFLAGS=--cap-lints=forbid" "-e" "CARGO_HOME=/opt/rustwide/cargo-home" "-e" "RUSTUP_HOME=/opt/rustwide/rustup-home" "-w" "/opt/rustwide/workdir" "-m" "1610612736" "--user" "0:0" "--network" "none" "rustops/crates-build-env@sha256:d92eaeed33fa75130ca1ee6c8a01d1ffb62bac859dfdfb3450e3e5d1c0146529" "/opt/rustwide/cargo-home/bin/cargo" "+af3c6e733a40e671550e0f0f5aeecaa13772ba56" "check" "--frozen" "--all" "--all-targets" "--message-format=json", kill_on_drop: false }`
[INFO] [stdout] dbfbb7bf0abee17ae65514dd055357a0cc5c2a6b5286ad09fe449dda5f82b404
[INFO] [stderr] WARNING: Your kernel does not support swap limit capabilities or the cgroup is not mounted. Memory limited without swap.
[INFO] running `Command { std: "docker" "start" "-a" "dbfbb7bf0abee17ae65514dd055357a0cc5c2a6b5286ad09fe449dda5f82b404", kill_on_drop: false }`
[INFO] [stderr]     Checking cfg-if v0.1.10
[INFO] [stderr]    Compiling libc v0.2.77
[INFO] [stderr]    Compiling log v0.4.11
[INFO] [stderr]    Compiling xml-rs v0.8.3
[INFO] [stderr]    Compiling bitflags v1.2.1
[INFO] [stderr]    Compiling khronos_api v3.1.0
[INFO] [stderr]    Compiling byteorder v1.3.4
[INFO] [stderr]     Checking scopeguard v1.1.0
[INFO] [stderr]     Checking piston-float v1.0.0
[INFO] [stderr]    Compiling libloading v0.6.3
[INFO] [stderr]    Compiling unicode-xid v0.2.1
[INFO] [stderr]    Compiling serde v1.0.116
[INFO] [stderr]    Compiling pkg-config v0.3.18
[INFO] [stderr]     Checking piston-graphics_api_version v1.0.0
[INFO] [stderr]    Compiling crc32fast v1.2.0
[INFO] [stderr]     Checking downcast-rs v1.2.0
[INFO] [stderr]     Checking percent-encoding v2.1.0
[INFO] [stderr]     Checking piston-texture v0.8.0
[INFO] [stderr]     Checking interpolation v0.2.0
[INFO] [stderr]     Checking read_color v1.0.0
[INFO] [stderr]     Checking fnv v1.0.7
[INFO] [stderr]     Checking piston-shaders_graphics2d v0.3.1
[INFO] [stderr]     Checking clock_ticks v0.1.1
[INFO] [stderr]     Checking snowflake v1.3.0
[INFO] [stderr]    Compiling num-traits v0.2.12
[INFO] [stderr]    Compiling crossbeam-utils v0.7.2
[INFO] [stderr]    Compiling memoffset v0.5.5
[INFO] [stderr]    Compiling crossbeam-epoch v0.8.2
[INFO] [stderr]    Compiling num-integer v0.1.43
[INFO] [stderr]    Compiling rayon v1.4.0
[INFO] [stderr]    Compiling num-iter v0.1.41
[INFO] [stderr]    Compiling num-rational v0.3.0
[INFO] [stderr]     Checking piston-viewport v1.0.0
[INFO] [stderr]     Checking vecmath v1.0.0
[INFO] [stderr]     Checking lock_api v0.3.4
[INFO] [stderr]     Checking shader_version v0.7.0
[INFO] [stderr]    Compiling proc-macro2 v1.0.21
[INFO] [stderr]    Compiling parking_lot_core v0.6.2
[INFO] [stderr]    Compiling parking_lot v0.9.0
[INFO] [stderr]     Checking libloading v0.5.2
[INFO] [stderr]     Checking quaternion v0.4.1
[INFO] [stderr]     Checking draw_state v0.8.0
[INFO] [stderr]     Checking dlib v0.4.2
[INFO] [stderr]     Checking log v0.3.9
[INFO] [stderr]    Compiling wayland-scanner v0.21.13
[INFO] [stderr]     Checking piston3d-cam v0.4.0
[INFO] [stderr]    Compiling gl_generator v0.14.0
[INFO] [stderr]    Compiling gl_generator v0.10.0
[INFO] [stderr]     Checking wayland-sys v0.21.13
[INFO] [stderr]     Checking hprof v0.1.3
[INFO] [stderr]    Compiling x11-dl v2.18.5
[INFO] [stderr]    Compiling quote v1.0.7
[INFO] [stderr]     Checking crossbeam-channel v0.4.4
[INFO] [stderr]     Checking stb_truetype v0.3.1
[INFO] [stderr]     Checking deflate v0.8.6
[INFO] [stderr]     Checking tiff v0.5.0
[INFO] [stderr]     Checking gfx_core v0.9.2
[INFO] [stderr]     Checking nix v0.14.1
[INFO] [stderr]     Checking num_cpus v1.13.0
[INFO] [stderr]     Checking memmap v0.7.0
[INFO] [stderr]     Checking shared_library v0.1.9
[INFO] [stderr]     Checking raw-window-handle v0.3.3
[INFO] [stderr]     Checking getrandom v0.1.15
[INFO] [stderr]    Compiling syn v1.0.40
[INFO] [stderr]     Checking crossbeam-deque v0.7.3
[INFO] [stderr]     Checking png v0.16.7
[INFO] [stderr]     Checking osmesa-sys v0.1.2
[INFO] [stderr]     Checking approx v0.3.2
[INFO] [stderr]     Checking ordered-float v1.1.0
[INFO] [stderr]     Checking line_drawing v0.7.0
[INFO] [stderr]     Checking rand_core v0.5.1
[INFO] [stderr]     Checking rayon-core v1.8.0
[INFO] [stderr]     Checking rusttype v0.8.3
[INFO] [stderr]     Checking rand_chacha v0.2.2
[INFO] [stderr]    Compiling glutin_glx_sys v0.1.7
[INFO] [stderr]    Compiling glutin_egl_sys v0.1.5
[INFO] [stderr]    Compiling gfx_gl v0.6.1
[INFO] [stderr]     Checking rand v0.7.3
[INFO] [stderr]    Compiling gl v0.11.0
[INFO] [stderr]     Checking rusttype v0.7.9
[INFO] [stderr]     Checking piston2d-graphics v0.37.0
[INFO] [stderr]     Checking andrew v0.2.1
[INFO] [stderr]    Compiling wayland-client v0.21.13
[INFO] [stderr]    Compiling wayland-protocols v0.21.13
[INFO] [stderr]     Checking gfx v0.18.2
[INFO] [stderr]     Checking wayland-commons v0.21.13
[INFO] [stderr]    Compiling serde_derive v1.0.116
[INFO] [stderr]     Checking jpeg-decoder v0.1.20
[INFO] [stderr]     Checking image v0.23.9
[INFO] [stderr]     Checking gfx_device_gl v0.16.2
[INFO] [stderr]     Checking smithay-client-toolkit v0.4.6
[INFO] [stderr]     Checking winit v0.19.5
[INFO] [stderr]     Checking pistoncore-input v1.0.0
[INFO] [stderr]     Checking piston-gfx_texture v0.41.0
[INFO] [stderr]     Checking piston2d-gfx_graphics v0.70.0
[INFO] [stderr]     Checking glutin v0.21.2
[INFO] [stderr]     Checking pistoncore-window v0.47.0
[INFO] [stderr]     Checking camera_controllers v0.32.0
[INFO] [stderr]     Checking piston-ai_behavior v0.32.0
[INFO] [stderr]     Checking pistoncore-event_loop v0.52.0
[INFO] [stderr]     Checking pistoncore-glutin_window v0.66.0
[INFO] [stderr]     Checking piston v0.52.0
[INFO] [stderr]     Checking piston_window v0.112.0
[INFO] [stderr]     Checking dood-rs v0.0.1 (/opt/rustwide/workdir)
[INFO] [stdout] error: no rules expected the token `flags`
[INFO] [stdout]  --> src/render/flags.rs:6:5
[INFO] [stdout]   |
[INFO] [stdout] 6 |     flags Flags: u32 {
[INFO] [stdout]   |     ^^^^^ no rules expected this token in macro call
[INFO] [stdout] 
[INFO] [stdout] 
[INFO] [stdout] error[E0252]: the name `Action` is defined multiple times
[INFO] [stdout]   --> src/brain.rs:16:5
[INFO] [stdout]    |
[INFO] [stdout] 6  | use ai_behavior::{Success, Running, Failure, Action, If, Sequence, WaitForever, While, State};
[INFO] [stdout]    |                                              ------ previous import of the type `Action` here
[INFO] [stdout] ...
[INFO] [stdout] 16 | use action::Action;
[INFO] [stdout]    |     ^^^^^^^^^^^^^^ `Action` reimported here
[INFO] [stdout]    |
[INFO] [stdout]    = note: `Action` must be defined only once in the type namespace of this module
[INFO] [stdout] help: you can use `as` to change the binding name of the import
[INFO] [stdout]    |
[INFO] [stdout] 16 | use action::Action as OtherAction;
[INFO] [stdout]    |     ^^^^^^^^^^^^^^^^^^^^^^^^^^^^^
[INFO] [stdout] 
[INFO] [stdout] 
[INFO] [stdout] error[E0432]: unresolved imports `rand::distributions::IndependentSample`, `rand::distributions::Range`
[INFO] [stdout]   --> src/brain.rs:55:35
[INFO] [stdout]    |
[INFO] [stdout] 55 |         use rand::distributions::{IndependentSample, Range};
[INFO] [stdout]    |                                   ^^^^^^^^^^^^^^^^^  ^^^^^ no `Range` in `distributions`
[INFO] [stdout]    |                                   |
[INFO] [stdout]    |                                   no `IndependentSample` in `distributions`
[INFO] [stdout] 
[INFO] [stdout] 
[INFO] [stdout] error[E0433]: failed to resolve: could not find `extra` in `gfx`
[INFO] [stdout]   --> src/main.rs:50:10
[INFO] [stdout]    |
[INFO] [stdout] 50 | use gfx::extra::stream::Stream;
[INFO] [stdout]    |          ^^^^^ could not find `extra` in `gfx`
[INFO] [stdout] 
[INFO] [stdout] 
[INFO] [stdout] error[E0433]: failed to resolve: could not find `render` in `gfx`
[INFO] [stdout]   --> src/main.rs:51:10
[INFO] [stdout]    |
[INFO] [stdout] 51 | use gfx::render::mesh::ToIndexSlice;
[INFO] [stdout]    |          ^^^^^^ could not find `render` in `gfx`
[INFO] [stdout] 
[INFO] [stdout] 
[INFO] [stdout] error[E0433]: failed to resolve: could not find `extra` in `gfx`
[INFO] [stdout]   --> src/main.rs:52:10
[INFO] [stdout]    |
[INFO] [stdout] 52 | use gfx::extra::factory::FactoryExt;
[INFO] [stdout]    |          ^^^^^ could not find `extra` in `gfx`
[INFO] [stdout] 
[INFO] [stdout] 
[INFO] [stdout] error[E0432]: unresolved import `gfx::device`
[INFO] [stdout]   --> src/main.rs:49:10
[INFO] [stdout]    |
[INFO] [stdout] 49 | use gfx::device::Factory;
[INFO] [stdout]    |          ^^^^^^ could not find `device` in `gfx`
[INFO] [stdout] 
[INFO] [stdout] 
[INFO] [stdout] error[E0432]: unresolved import `gfx::PrimitiveType`
[INFO] [stdout]   --> src/main.rs:53:10
[INFO] [stdout]    |
[INFO] [stdout] 53 | use gfx::PrimitiveType::TriangleList;
[INFO] [stdout]    |          ^^^^^^^^^^^^^ could not find `PrimitiveType` in `gfx`
[INFO] [stdout] 
[INFO] [stdout] 
[INFO] [stdout] error[E0432]: unresolved import `gfx::PrimitiveType`
[INFO] [stdout]   --> src/main.rs:54:5
[INFO] [stdout]    |
[INFO] [stdout] 54 | use gfx::PrimitiveType;
[INFO] [stdout]    |     ^^^^^-------------
[INFO] [stdout]    |     |    |
[INFO] [stdout]    |     |    help: a similar name exists in the module: `Primitive`
[INFO] [stdout]    |     no `PrimitiveType` in the root
[INFO] [stdout] 
[INFO] [stdout] 
[INFO] [stdout] error[E0432]: unresolved imports `super::flags::IN_FOV`, `super::flags::TRANSPARENT`, `super::flags::Flags`
[INFO] [stdout]   --> src/render/fov.rs:31:20
[INFO] [stdout]    |
[INFO] [stdout] 31 | use super::flags::{IN_FOV, TRANSPARENT, Flags};
[INFO] [stdout]    |                    ^^^^^^  ^^^^^^^^^^^  ^^^^^ no `Flags` in `render::flags`
[INFO] [stdout]    |                    |       |
[INFO] [stdout]    |                    |       no `TRANSPARENT` in `render::flags`
[INFO] [stdout]    |                    no `IN_FOV` in `render::flags`
[INFO] [stdout] 
[INFO] [stdout] 
[INFO] [stdout] error[E0432]: unresolved imports `super::flags::Flags`, `super::flags::HAS_ENTITY`, `super::flags::IN_FOV`, `super::flags::TRANSPARENT`, `super::flags::PASSABLE`
[INFO] [stdout]  --> src/render/scratch.rs:6:20
[INFO] [stdout]   |
[INFO] [stdout] 6 | use super::flags::{Flags, HAS_ENTITY, IN_FOV, TRANSPARENT, PASSABLE};
[INFO] [stdout]   |                    ^^^^^  ^^^^^^^^^^  ^^^^^^  ^^^^^^^^^^^  ^^^^^^^^ no `PASSABLE` in `render::flags`
[INFO] [stdout]   |                    |      |           |       |
[INFO] [stdout]   |                    |      |           |       no `TRANSPARENT` in `render::flags`
[INFO] [stdout]   |                    |      |           no `IN_FOV` in `render::flags`
[INFO] [stdout]   |                    |      no `HAS_ENTITY` in `render::flags`
[INFO] [stdout]   |                    no `Flags` in `render::flags`
[INFO] [stdout] 
[INFO] [stdout] 
[INFO] [stdout] error[E0432]: unresolved import `render::Vertex`
[INFO] [stdout]  --> src/cascadecs/render_component.rs:2:5
[INFO] [stdout]   |
[INFO] [stdout] 2 | use render::Vertex;
[INFO] [stdout]   |     ^^^^^^^^------
[INFO] [stdout]   |     |       |
[INFO] [stdout]   |     |       help: a similar name exists in the module (notice the capitalization): `vertex`
[INFO] [stdout]   |     no `Vertex` in `render`
[INFO] [stdout] 
[INFO] [stdout] 
[INFO] [stdout] error[E0432]: unresolved import `self::vertex::Vertex`
[INFO] [stdout]  --> src/render/mod.rs:4:9
[INFO] [stdout]   |
[INFO] [stdout] 4 | pub use self::vertex::Vertex;
[INFO] [stdout]   |         ^^^^^^^^^^^^^^^^^^^^ no `Vertex` in `render::vertex`
[INFO] [stdout] 
[INFO] [stdout] 
[INFO] [stdout] error[E0432]: unresolved import `super::vertex::Vertex`
[INFO] [stdout]  --> src/render/scratch.rs:7:5
[INFO] [stdout]   |
[INFO] [stdout] 7 | use super::vertex::Vertex;
[INFO] [stdout]   |     ^^^^^^^^^^^^^^^^^^^^^ no `Vertex` in `render::vertex`
[INFO] [stdout] 
[INFO] [stdout] 
[INFO] [stdout] error: cannot find macro `gfx_vertex` in this scope
[INFO] [stdout]  --> src/render/vertex.rs:2:1
[INFO] [stdout]   |
[INFO] [stdout] 2 | gfx_vertex!(Vertex {
[INFO] [stdout]   | ^^^^^^^^^^
[INFO] [stdout] 
[INFO] [stdout] 
[INFO] [stdout] error: cannot find macro `gfx_parameters` in this scope
[INFO] [stdout]   --> src/main.rs:79:1
[INFO] [stdout]    |
[INFO] [stdout] 79 | gfx_parameters!(Params {
[INFO] [stdout]    | ^^^^^^^^^^^^^^
[INFO] [stdout] 
[INFO] [stdout] 
[INFO] [stdout] error: no rules expected the token `flags`
[INFO] [stdout]  --> src/render/flags.rs:6:5
[INFO] [stdout]   |
[INFO] [stdout] 6 |     flags Flags: u32 {
[INFO] [stdout]   |     ^^^^^ no rules expected this token in macro call
[INFO] [stdout] 
[INFO] [stdout] 
[INFO] [stdout] error[E0252]: the name `Action` is defined multiple times
[INFO] [stdout]   --> src/brain.rs:16:5
[INFO] [stdout]    |
[INFO] [stdout] 6  | use ai_behavior::{Success, Running, Failure, Action, If, Sequence, WaitForever, While, State};
[INFO] [stdout]    |                                              ------ previous import of the type `Action` here
[INFO] [stdout] ...
[INFO] [stdout] 16 | use action::Action;
[INFO] [stdout]    |     ^^^^^^^^^^^^^^ `Action` reimported here
[INFO] [stdout]    |
[INFO] [stdout]    = note: `Action` must be defined only once in the type namespace of this module
[INFO] [stdout] help: you can use `as` to change the binding name of the import
[INFO] [stdout]    |
[INFO] [stdout] 16 | use action::Action as OtherAction;
[INFO] [stdout]    |     ^^^^^^^^^^^^^^^^^^^^^^^^^^^^^
[INFO] [stdout] 
[INFO] [stdout] 
[INFO] [stdout] error[E0432]: unresolved imports `rand::distributions::IndependentSample`, `rand::distributions::Range`
[INFO] [stdout]   --> src/brain.rs:55:35
[INFO] [stdout]    |
[INFO] [stdout] 55 |         use rand::distributions::{IndependentSample, Range};
[INFO] [stdout]    |                                   ^^^^^^^^^^^^^^^^^  ^^^^^ no `Range` in `distributions`
[INFO] [stdout]    |                                   |
[INFO] [stdout]    |                                   no `IndependentSample` in `distributions`
[INFO] [stdout] 
[INFO] [stdout] 
[INFO] [stdout] error[E0433]: failed to resolve: could not find `extra` in `gfx`
[INFO] [stdout]   --> src/main.rs:50:10
[INFO] [stdout]    |
[INFO] [stdout] 50 | use gfx::extra::stream::Stream;
[INFO] [stdout]    |          ^^^^^ could not find `extra` in `gfx`
[INFO] [stdout] 
[INFO] [stdout] 
[INFO] [stdout] error[E0433]: failed to resolve: could not find `render` in `gfx`
[INFO] [stdout]   --> src/main.rs:51:10
[INFO] [stdout]    |
[INFO] [stdout] 51 | use gfx::render::mesh::ToIndexSlice;
[INFO] [stdout]    |          ^^^^^^ could not find `render` in `gfx`
[INFO] [stdout] 
[INFO] [stdout] 
[INFO] [stdout] error[E0433]: failed to resolve: `Action` is a variant, not a module
[INFO] [stdout]   --> src/brain.rs:30:54
[INFO] [stdout]    |
[INFO] [stdout] 30 |                 let find_food = Sequence(vec![Action(Action::PathTo { path_target: path_target }), Action(Action::EatFood)]);
[INFO] [stdout]    |                                                      ^^^^^^ `Action` is a variant, not a module
[INFO] [stdout] 
[INFO] [stdout] 
[INFO] [stdout] error[E0433]: failed to resolve: could not find `extra` in `gfx`
[INFO] [stdout]   --> src/main.rs:52:10
[INFO] [stdout]    |
[INFO] [stdout] 52 | use gfx::extra::factory::FactoryExt;
[INFO] [stdout]    |          ^^^^^ could not find `extra` in `gfx`
[INFO] [stdout] 
[INFO] [stdout] 
[INFO] [stdout] error[E0433]: failed to resolve: `Action` is a variant, not a module
[INFO] [stdout]   --> src/brain.rs:30:107
[INFO] [stdout]    |
[INFO] [stdout] 30 |                 let find_food = Sequence(vec![Action(Action::PathTo { path_target: path_target }), Action(Action::EatFood)]);
[INFO] [stdout]    |                                                                                                           ^^^^^^ `Action` is a variant, not a module
[INFO] [stdout] 
[INFO] [stdout] 
[INFO] [stdout] error[E0432]: unresolved import `gfx::device`
[INFO] [stdout]   --> src/main.rs:49:10
[INFO] [stdout]    |
[INFO] [stdout] 49 | use gfx::device::Factory;
[INFO] [stdout]    |          ^^^^^^ could not find `device` in `gfx`
[INFO] [stdout] 
[INFO] [stdout] 
[INFO] [stdout] error[E0432]: unresolved import `gfx::PrimitiveType`
[INFO] [stdout]   --> src/main.rs:53:10
[INFO] [stdout]    |
[INFO] [stdout] 53 | use gfx::PrimitiveType::TriangleList;
[INFO] [stdout]    |          ^^^^^^^^^^^^^ could not find `PrimitiveType` in `gfx`
[INFO] [stdout] 
[INFO] [stdout] 
[INFO] [stdout] error[E0433]: failed to resolve: `Action` is a variant, not a module
[INFO] [stdout]   --> src/brain.rs:31:56
[INFO] [stdout]    |
[INFO] [stdout] 31 |                 let dood_behavior = If(Box::new(Action(Action::Content)),
[INFO] [stdout]    |                                                        ^^^^^^ `Action` is a variant, not a module
[INFO] [stdout] 
[INFO] [stdout] 
[INFO] [stdout] error[E0432]: unresolved import `gfx::PrimitiveType`
[INFO] [stdout]   --> src/main.rs:54:5
[INFO] [stdout]    |
[INFO] [stdout] 54 | use gfx::PrimitiveType;
[INFO] [stdout]    |     ^^^^^-------------
[INFO] [stdout]    |     |    |
[INFO] [stdout]    |     |    help: a similar name exists in the module: `Primitive`
[INFO] [stdout]    |     no `PrimitiveType` in the root
[INFO] [stdout] 
[INFO] [stdout] 
[INFO] [stdout] error[E0433]: failed to resolve: `Action` is a variant, not a module
[INFO] [stdout]   --> src/brain.rs:32:56
[INFO] [stdout]    |
[INFO] [stdout] 32 | ...                   Box::new(Action(Action::Idle)),
[INFO] [stdout]    |                                       ^^^^^^ `Action` is a variant, not a module
[INFO] [stdout] 
[INFO] [stdout] 
[INFO] [stdout] error[E0433]: failed to resolve: `Action` is a variant, not a module
[INFO] [stdout]   --> src/brain.rs:62:21
[INFO] [stdout]    |
[INFO] [stdout] 62 |                     Action::Idle => {
[INFO] [stdout]    |                     ^^^^^^ `Action` is a variant, not a module
[INFO] [stdout] 
[INFO] [stdout] 
[INFO] [stdout] error[E0433]: failed to resolve: `Action` is a variant, not a module
[INFO] [stdout]   --> src/brain.rs:73:21
[INFO] [stdout]    |
[INFO] [stdout] 73 |                     Action::Content => {
[INFO] [stdout]    |                     ^^^^^^ `Action` is a variant, not a module
[INFO] [stdout] 
[INFO] [stdout] 
[INFO] [stdout] error[E0432]: unresolved imports `super::flags::IN_FOV`, `super::flags::TRANSPARENT`, `super::flags::Flags`
[INFO] [stdout]   --> src/render/fov.rs:31:20
[INFO] [stdout]    |
[INFO] [stdout] 31 | use super::flags::{IN_FOV, TRANSPARENT, Flags};
[INFO] [stdout]    |                    ^^^^^^  ^^^^^^^^^^^  ^^^^^ no `Flags` in `render::flags`
[INFO] [stdout]    |                    |       |
[INFO] [stdout]    |                    |       no `TRANSPARENT` in `render::flags`
[INFO] [stdout]    |                    no `IN_FOV` in `render::flags`
[INFO] [stdout] 
[INFO] [stdout] 
[INFO] [stdout] error[E0433]: failed to resolve: `Action` is a variant, not a module
[INFO] [stdout]   --> src/brain.rs:80:21
[INFO] [stdout]    |
[INFO] [stdout] 80 |                     Action::PathTo { path_target } => {
[INFO] [stdout]    |                     ^^^^^^ `Action` is a variant, not a module
[INFO] [stdout] 
[INFO] [stdout] 
[INFO] [stdout] error[E0433]: failed to resolve: `Action` is a variant, not a module
[INFO] [stdout]   --> src/brain.rs:93:21
[INFO] [stdout]    |
[INFO] [stdout] 93 |                     Action::EatFood => {
[INFO] [stdout]    |                     ^^^^^^ `Action` is a variant, not a module
[INFO] [stdout] 
[INFO] [stdout] 
[INFO] [stdout] error[E0432]: unresolved import `super::super::flags::IN_FOV`
[INFO] [stdout]    --> src/render/fov.rs:305:9
[INFO] [stdout]     |
[INFO] [stdout] 305 |     use super::super::flags::IN_FOV;
[INFO] [stdout]     |         ^^^^^^^^^^^^^^^^^^^^^^^^^^^ no `IN_FOV` in `render::flags`
[INFO] [stdout] 
[INFO] [stdout] 
[INFO] [stdout] error[E0432]: unresolved imports `super::flags::Flags`, `super::flags::HAS_ENTITY`, `super::flags::IN_FOV`, `super::flags::TRANSPARENT`, `super::flags::PASSABLE`
[INFO] [stdout]  --> src/render/scratch.rs:6:20
[INFO] [stdout]   |
[INFO] [stdout] 6 | use super::flags::{Flags, HAS_ENTITY, IN_FOV, TRANSPARENT, PASSABLE};
[INFO] [stdout]   |                    ^^^^^  ^^^^^^^^^^  ^^^^^^  ^^^^^^^^^^^  ^^^^^^^^ no `PASSABLE` in `render::flags`
[INFO] [stdout]   |                    |      |           |       |
[INFO] [stdout]   |                    |      |           |       no `TRANSPARENT` in `render::flags`
[INFO] [stdout]   |                    |      |           no `IN_FOV` in `render::flags`
[INFO] [stdout]   |                    |      no `HAS_ENTITY` in `render::flags`
[INFO] [stdout]   |                    no `Flags` in `render::flags`
[INFO] [stdout] 
[INFO] [stdout] 
[INFO] [stdout] error[E0432]: unresolved import `render::Vertex`
[INFO] [stdout]  --> src/cascadecs/render_component.rs:2:5
[INFO] [stdout]   |
[INFO] [stdout] 2 | use render::Vertex;
[INFO] [stdout]   |     ^^^^^^^^------
[INFO] [stdout]   |     |       |
[INFO] [stdout]   |     |       help: a similar name exists in the module (notice the capitalization): `vertex`
[INFO] [stdout]   |     no `Vertex` in `render`
[INFO] [stdout] 
[INFO] [stdout] 
[INFO] [stdout] error[E0432]: unresolved import `self::vertex::Vertex`
[INFO] [stdout]  --> src/render/mod.rs:4:9
[INFO] [stdout]   |
[INFO] [stdout] 4 | pub use self::vertex::Vertex;
[INFO] [stdout]   |         ^^^^^^^^^^^^^^^^^^^^ no `Vertex` in `render::vertex`
[INFO] [stdout] 
[INFO] [stdout] 
[INFO] [stdout] error[E0432]: unresolved import `super::vertex::Vertex`
[INFO] [stdout]  --> src/render/scratch.rs:7:5
[INFO] [stdout]   |
[INFO] [stdout] 7 | use super::vertex::Vertex;
[INFO] [stdout]   |     ^^^^^^^^^^^^^^^^^^^^^ no `Vertex` in `render::vertex`
[INFO] [stdout] 
[INFO] [stdout] 
[INFO] [stdout] error: cannot find macro `gfx_vertex` in this scope
[INFO] [stdout]  --> src/render/vertex.rs:2:1
[INFO] [stdout]   |
[INFO] [stdout] 2 | gfx_vertex!(Vertex {
[INFO] [stdout]   | ^^^^^^^^^^
[INFO] [stdout] 
[INFO] [stdout] 
[INFO] [stdout] error: cannot find macro `gfx_parameters` in this scope
[INFO] [stdout]   --> src/main.rs:79:1
[INFO] [stdout]    |
[INFO] [stdout] 79 | gfx_parameters!(Params {
[INFO] [stdout]    | ^^^^^^^^^^^^^^
[INFO] [stdout] 
[INFO] [stdout] 
[INFO] [stdout] error[E0433]: failed to resolve: could not find `ShaderSource` in `gfx`
[INFO] [stdout]   --> src/main.rs:98:20
[INFO] [stdout]    |
[INFO] [stdout] 98 |             ..gfx::ShaderSource::empty()
[INFO] [stdout]    |                    ^^^^^^^^^^^^ could not find `ShaderSource` in `gfx`
[INFO] [stdout] 
[INFO] [stdout] 
[INFO] [stdout] error[E0433]: failed to resolve: could not find `ShaderSource` in `gfx`
[INFO] [stdout]    --> src/main.rs:103:20
[INFO] [stdout]     |
[INFO] [stdout] 103 |             ..gfx::ShaderSource::empty()
[INFO] [stdout]     |                    ^^^^^^^^^^^^ could not find `ShaderSource` in `gfx`
[INFO] [stdout] 
[INFO] [stdout] 
[INFO] [stdout] error[E0433]: failed to resolve: could not find `tex` in `gfx`
[INFO] [stdout]    --> src/main.rs:113:56
[INFO] [stdout]     |
[INFO] [stdout] 113 |     let sampler_info = gfx::tex::SamplerInfo::new(gfx::tex::FilterMethod::Scale,
[INFO] [stdout]     |                                                        ^^^ could not find `tex` in `gfx`
[INFO] [stdout] 
[INFO] [stdout] 
[INFO] [stdout] error[E0433]: failed to resolve: could not find `tex` in `gfx`
[INFO] [stdout]    --> src/main.rs:114:56
[INFO] [stdout]     |
[INFO] [stdout] 114 | ...                   gfx::tex::WrapMode::Clamp);
[INFO] [stdout]     |                            ^^^ could not find `tex` in `gfx`
[INFO] [stdout] 
[INFO] [stdout] 
[INFO] [stdout] error[E0573]: expected type, found variant `Action`
[INFO] [stdout]    --> src/brain.rs:25:45
[INFO] [stdout]     |
[INFO] [stdout] 25  |       pub fn new_state(brain: Brain) -> State<Action, ()> {
[INFO] [stdout]     |                                               ^^^^^^
[INFO] [stdout]     |
[INFO] [stdout] help: an enum with a similar name exists
[INFO] [stdout]     |
[INFO] [stdout] 25  |     pub fn new_state(brain: Brain) -> State<Option, ()> {
[INFO] [stdout]     |                                             ^^^^^^
[INFO] [stdout] help: consider importing this enum instead
[INFO] [stdout]     |
[INFO] [stdout] 2   | use action::Action;
[INFO] [stdout]     |
[INFO] [stdout] 
[INFO] [stdout] 
[INFO] [stdout] error[E0422]: cannot find struct, variant or union type `ShaderSource` in crate `gfx`
[INFO] [stdout]   --> src/main.rs:95:27
[INFO] [stdout]    |
[INFO] [stdout] 95 |         let vertex = gfx::ShaderSource {
[INFO] [stdout]    |                           ^^^^^^^^^^^^ help: a struct with a similar name exists: `ShaderResource`
[INFO] [stdout]    | 
[INFO] [stdout]   ::: /opt/rustwide/cargo-home/registry/src/github.com-1ecc6299db9ec823/gfx-0.18.2/src/pso/resource.rs:29:1
[INFO] [stdout]    |
[INFO] [stdout] 29 | pub struct ShaderResource<T>(RawShaderResource, PhantomData<T>);
[INFO] [stdout]    | ---------------------------------------------------------------- similarly named struct `ShaderResource` defined here
[INFO] [stdout] 
[INFO] [stdout] 
[INFO] [stdout] error[E0422]: cannot find struct, variant or union type `ShaderSource` in crate `gfx`
[INFO] [stdout]    --> src/main.rs:100:29
[INFO] [stdout]     |
[INFO] [stdout] 100 |         let fragment = gfx::ShaderSource {
[INFO] [stdout]     |                             ^^^^^^^^^^^^ help: a struct with a similar name exists: `ShaderResource`
[INFO] [stdout]     | 
[INFO] [stdout]    ::: /opt/rustwide/cargo-home/registry/src/github.com-1ecc6299db9ec823/gfx-0.18.2/src/pso/resource.rs:29:1
[INFO] [stdout]     |
[INFO] [stdout] 29  | pub struct ShaderResource<T>(RawShaderResource, PhantomData<T>);
[INFO] [stdout]     | ---------------------------------------------------------------- similarly named struct `ShaderResource` defined here
[INFO] [stdout] 
[INFO] [stdout] 
[INFO] [stdout] error[E0425]: cannot find value `PNG` in crate `image`
[INFO] [stdout]    --> src/main.rs:109:44
[INFO] [stdout]     |
[INFO] [stdout] 109 |     let image = image::load(cursor, image::PNG).unwrap();
[INFO] [stdout]     |                                            ^^^ not found in `image`
[INFO] [stdout] 
[INFO] [stdout] 
[INFO] [stdout] error[E0433]: failed to resolve: could not find `tex` in `gfx`
[INFO] [stdout]    --> src/main.rs:113:34
[INFO] [stdout]     |
[INFO] [stdout] 113 |     let sampler_info = gfx::tex::SamplerInfo::new(gfx::tex::FilterMethod::Scale,
[INFO] [stdout]     |                                  ^^^^^^^^^^^ not found in `gfx::tex`
[INFO] [stdout]     |
[INFO] [stdout] help: consider importing this struct
[INFO] [stdout]     |
[INFO] [stdout] 44  | use gfx::texture::SamplerInfo;
[INFO] [stdout]     |
[INFO] [stdout] 
[INFO] [stdout] 
[INFO] [stdout] error[E0422]: cannot find struct, variant or union type `Params` in this scope
[INFO] [stdout]    --> src/main.rs:136:24
[INFO] [stdout]     |
[INFO] [stdout] 136 |     let mut uniforms = Params {
[INFO] [stdout]     |                        ^^^^^^ not found in this scope
[INFO] [stdout] 
[INFO] [stdout] 
[INFO] [stdout] error[E0433]: failed to resolve: `Action` is a variant, not a module
[INFO] [stdout]   --> src/brain.rs:30:54
[INFO] [stdout]    |
[INFO] [stdout] 30 |                 let find_food = Sequence(vec![Action(Action::PathTo { path_target: path_target }), Action(Action::EatFood)]);
[INFO] [stdout]    |                                                      ^^^^^^ `Action` is a variant, not a module
[INFO] [stdout] 
[INFO] [stdout] 
[INFO] [stdout] error[E0433]: failed to resolve: could not find `DrawState` in `gfx`
[INFO] [stdout]    --> src/main.rs:142:22
[INFO] [stdout]     |
[INFO] [stdout] 142 |     let state = gfx::DrawState::new().depth(gfx::state::Comparison::LessEqual, true);
[INFO] [stdout]     |                      ^^^^^^^^^ not found in `gfx`
[INFO] [stdout]     |
[INFO] [stdout] help: consider importing this struct
[INFO] [stdout]     |
[INFO] [stdout] 44  | use piston_window::DrawState;
[INFO] [stdout]     |
[INFO] [stdout] 
[INFO] [stdout] 
[INFO] [stdout] error[E0422]: cannot find struct, variant or union type `ClearData` in crate `gfx`
[INFO] [stdout]    --> src/main.rs:144:27
[INFO] [stdout]     |
[INFO] [stdout] 144 |     let clear_data = gfx::ClearData { color: [0.0, 0.0, 0.0, 1.0], depth: 1.0, stencil: 0 };
[INFO] [stdout]     |                           ^^^^^^^^^ not found in `gfx`
[INFO] [stdout] 
[INFO] [stdout] 
[INFO] [stdout] error[E0433]: failed to resolve: `Action` is a variant, not a module
[INFO] [stdout]   --> src/brain.rs:30:107
[INFO] [stdout]    |
[INFO] [stdout] 30 |                 let find_food = Sequence(vec![Action(Action::PathTo { path_target: path_target }), Action(Action::EatFood)]);
[INFO] [stdout]    |                                                                                                           ^^^^^^ `Action` is a variant, not a module
[INFO] [stdout] 
[INFO] [stdout] 
[INFO] [stdout] error[E0433]: failed to resolve: `Action` is a variant, not a module
[INFO] [stdout]   --> src/brain.rs:31:56
[INFO] [stdout]    |
[INFO] [stdout] 31 |                 let dood_behavior = If(Box::new(Action(Action::Content)),
[INFO] [stdout]    |                                                        ^^^^^^ `Action` is a variant, not a module
[INFO] [stdout] 
[INFO] [stdout] 
[INFO] [stdout] error[E0433]: failed to resolve: `Action` is a variant, not a module
[INFO] [stdout]   --> src/brain.rs:32:56
[INFO] [stdout]    |
[INFO] [stdout] 32 | ...                   Box::new(Action(Action::Idle)),
[INFO] [stdout]    |                                       ^^^^^^ `Action` is a variant, not a module
[INFO] [stdout] 
[INFO] [stdout] 
[INFO] [stdout] error[E0433]: failed to resolve: `Action` is a variant, not a module
[INFO] [stdout]   --> src/brain.rs:62:21
[INFO] [stdout]    |
[INFO] [stdout] 62 |                     Action::Idle => {
[INFO] [stdout]    |                     ^^^^^^ `Action` is a variant, not a module
[INFO] [stdout] 
[INFO] [stdout] 
[INFO] [stdout] error[E0433]: failed to resolve: `Action` is a variant, not a module
[INFO] [stdout]   --> src/brain.rs:73:21
[INFO] [stdout]    |
[INFO] [stdout] 73 |                     Action::Content => {
[INFO] [stdout]    |                     ^^^^^^ `Action` is a variant, not a module
[INFO] [stdout] 
[INFO] [stdout] 
[INFO] [stdout] error[E0433]: failed to resolve: `Action` is a variant, not a module
[INFO] [stdout]   --> src/brain.rs:80:21
[INFO] [stdout]    |
[INFO] [stdout] 80 |                     Action::PathTo { path_target } => {
[INFO] [stdout]    |                     ^^^^^^ `Action` is a variant, not a module
[INFO] [stdout] 
[INFO] [stdout] 
[INFO] [stdout] error[E0433]: failed to resolve: `Action` is a variant, not a module
[INFO] [stdout]   --> src/brain.rs:93:21
[INFO] [stdout]    |
[INFO] [stdout] 93 |                     Action::EatFood => {
[INFO] [stdout]    |                     ^^^^^^ `Action` is a variant, not a module
[INFO] [stdout] 
[INFO] [stdout] 
[INFO] [stdout] warning: unused `#[macro_use]` import
[INFO] [stdout]  --> src/main.rs:6:1
[INFO] [stdout]   |
[INFO] [stdout] 6 | #[macro_use]
[INFO] [stdout]   | ^^^^^^^^^^^^
[INFO] [stdout]   |
[INFO] [stdout]   = note: `#[warn(unused_imports)]` on by default
[INFO] [stdout] 
[INFO] [stdout] 
[INFO] [stdout] warning: unused import: `loc::Loc`
[INFO] [stdout]   --> src/brain.rs:14:5
[INFO] [stdout]    |
[INFO] [stdout] 14 | use loc::Loc;
[INFO] [stdout]    |     ^^^^^^^^
[INFO] [stdout] 
[INFO] [stdout] 
[INFO] [stdout] warning: unused import: `action::Action`
[INFO] [stdout]   --> src/brain.rs:16:5
[INFO] [stdout]    |
[INFO] [stdout] 16 | use action::Action;
[INFO] [stdout]    |     ^^^^^^^^^^^^^^
[INFO] [stdout] 
[INFO] [stdout] 
[INFO] [stdout] warning: the item `rand` is imported redundantly
[INFO] [stdout]   --> src/brain.rs:54:13
[INFO] [stdout]    |
[INFO] [stdout] 54 |         use rand;
[INFO] [stdout]    |             ^^^^
[INFO] [stdout]    | 
[INFO] [stdout]   ::: src/main.rs:18:1
[INFO] [stdout]    |
[INFO] [stdout] 18 | extern crate rand;
[INFO] [stdout]    | ------------------ the item `rand` is already imported here
[INFO] [stdout] 
[INFO] [stdout] 
[INFO] [stdout] warning: `...` range patterns are deprecated
[INFO] [stdout]   --> src/brain.rs:68:30
[INFO] [stdout]    |
[INFO] [stdout] 68 | ...                   4...10 => Event::None,
[INFO] [stdout]    |                        ^^^ help: use `..=` for an inclusive range
[INFO] [stdout]    |
[INFO] [stdout]    = note: `#[warn(ellipsis_inclusive_range_patterns)]` on by default
[INFO] [stdout] 
[INFO] [stdout] 
[INFO] [stdout] error[E0433]: failed to resolve: could not find `ShaderSource` in `gfx`
[INFO] [stdout]   --> src/main.rs:98:20
[INFO] [stdout]    |
[INFO] [stdout] 98 |             ..gfx::ShaderSource::empty()
[INFO] [stdout]    |                    ^^^^^^^^^^^^ could not find `ShaderSource` in `gfx`
[INFO] [stdout] 
[INFO] [stdout] 
[INFO] [stdout] warning: unnecessary parentheses around `for` iterator expression
[INFO] [stdout]    --> src/render/scratch.rs:119:22
[INFO] [stdout]     |
[INFO] [stdout] 119 |             for x in (tl_loc.x..br_loc.x + 1) {
[INFO] [stdout]     |                      ^^^^^^^^^^^^^^^^^^^^^^^^ help: remove these parentheses
[INFO] [stdout]     |
[INFO] [stdout]     = note: `#[warn(unused_parens)]` on by default
[INFO] [stdout] 
[INFO] [stdout] 
[INFO] [stdout] error[E0433]: failed to resolve: could not find `ShaderSource` in `gfx`
[INFO] [stdout]    --> src/main.rs:103:20
[INFO] [stdout]     |
[INFO] [stdout] 103 |             ..gfx::ShaderSource::empty()
[INFO] [stdout]     |                    ^^^^^^^^^^^^ could not find `ShaderSource` in `gfx`
[INFO] [stdout] 
[INFO] [stdout] 
[INFO] [stdout] error[E0433]: failed to resolve: could not find `tex` in `gfx`
[INFO] [stdout]    --> src/main.rs:113:56
[INFO] [stdout]     |
[INFO] [stdout] 113 |     let sampler_info = gfx::tex::SamplerInfo::new(gfx::tex::FilterMethod::Scale,
[INFO] [stdout]     |                                                        ^^^ could not find `tex` in `gfx`
[INFO] [stdout] 
[INFO] [stdout] 
[INFO] [stdout] error[E0433]: failed to resolve: could not find `tex` in `gfx`
[INFO] [stdout]    --> src/main.rs:114:56
[INFO] [stdout]     |
[INFO] [stdout] 114 | ...                   gfx::tex::WrapMode::Clamp);
[INFO] [stdout]     |                            ^^^ could not find `tex` in `gfx`
[INFO] [stdout] 
[INFO] [stdout] 
[INFO] [stdout] error[E0573]: expected type, found variant `Action`
[INFO] [stdout]    --> src/brain.rs:25:45
[INFO] [stdout]     |
[INFO] [stdout] 25  |       pub fn new_state(brain: Brain) -> State<Action, ()> {
[INFO] [stdout]     |                                               ^^^^^^
[INFO] [stdout]     |
[INFO] [stdout] help: an enum with a similar name exists
[INFO] [stdout]     |
[INFO] [stdout] 25  |     pub fn new_state(brain: Brain) -> State<Option, ()> {
[INFO] [stdout]     |                                             ^^^^^^
[INFO] [stdout] help: consider importing this enum instead
[INFO] [stdout]     |
[INFO] [stdout] 2   | use action::Action;
[INFO] [stdout]     |
[INFO] [stdout] 
[INFO] [stdout] 
[INFO] [stdout] error[E0422]: cannot find struct, variant or union type `ShaderSource` in crate `gfx`
[INFO] [stdout]   --> src/main.rs:95:27
[INFO] [stdout]    |
[INFO] [stdout] 95 |         let vertex = gfx::ShaderSource {
[INFO] [stdout]    |                           ^^^^^^^^^^^^ help: a struct with a similar name exists: `ShaderResource`
[INFO] [stdout]    | 
[INFO] [stdout]   ::: /opt/rustwide/cargo-home/registry/src/github.com-1ecc6299db9ec823/gfx-0.18.2/src/pso/resource.rs:29:1
[INFO] [stdout]    |
[INFO] [stdout] 29 | pub struct ShaderResource<T>(RawShaderResource, PhantomData<T>);
[INFO] [stdout]    | ---------------------------------------------------------------- similarly named struct `ShaderResource` defined here
[INFO] [stdout] 
[INFO] [stdout] 
[INFO] [stdout] error[E0422]: cannot find struct, variant or union type `ShaderSource` in crate `gfx`
[INFO] [stdout]    --> src/main.rs:100:29
[INFO] [stdout]     |
[INFO] [stdout] 100 |         let fragment = gfx::ShaderSource {
[INFO] [stdout]     |                             ^^^^^^^^^^^^ help: a struct with a similar name exists: `ShaderResource`
[INFO] [stdout]     | 
[INFO] [stdout]    ::: /opt/rustwide/cargo-home/registry/src/github.com-1ecc6299db9ec823/gfx-0.18.2/src/pso/resource.rs:29:1
[INFO] [stdout]     |
[INFO] [stdout] 29  | pub struct ShaderResource<T>(RawShaderResource, PhantomData<T>);
[INFO] [stdout]     | ---------------------------------------------------------------- similarly named struct `ShaderResource` defined here
[INFO] [stdout] 
[INFO] [stdout] 
[INFO] [stdout] error[E0425]: cannot find value `PNG` in crate `image`
[INFO] [stdout]    --> src/main.rs:109:44
[INFO] [stdout]     |
[INFO] [stdout] 109 |     let image = image::load(cursor, image::PNG).unwrap();
[INFO] [stdout]     |                                            ^^^ not found in `image`
[INFO] [stdout] 
[INFO] [stdout] 
[INFO] [stdout] error[E0433]: failed to resolve: could not find `tex` in `gfx`
[INFO] [stdout]    --> src/main.rs:113:34
[INFO] [stdout]     |
[INFO] [stdout] 113 |     let sampler_info = gfx::tex::SamplerInfo::new(gfx::tex::FilterMethod::Scale,
[INFO] [stdout]     |                                  ^^^^^^^^^^^ not found in `gfx::tex`
[INFO] [stdout]     |
[INFO] [stdout] help: consider importing this struct
[INFO] [stdout]     |
[INFO] [stdout] 44  | use gfx::texture::SamplerInfo;
[INFO] [stdout]     |
[INFO] [stdout] 
[INFO] [stdout] 
[INFO] [stdout] error[E0422]: cannot find struct, variant or union type `Params` in this scope
[INFO] [stdout]    --> src/main.rs:136:24
[INFO] [stdout]     |
[INFO] [stdout] 136 |     let mut uniforms = Params {
[INFO] [stdout]     |                        ^^^^^^ not found in this scope
[INFO] [stdout] 
[INFO] [stdout] 
[INFO] [stdout] error[E0433]: failed to resolve: could not find `DrawState` in `gfx`
[INFO] [stdout]    --> src/main.rs:142:22
[INFO] [stdout]     |
[INFO] [stdout] 142 |     let state = gfx::DrawState::new().depth(gfx::state::Comparison::LessEqual, true);
[INFO] [stdout]     |                      ^^^^^^^^^ not found in `gfx`
[INFO] [stdout]     |
[INFO] [stdout] help: consider importing this struct
[INFO] [stdout]     |
[INFO] [stdout] 44  | use piston_window::DrawState;
[INFO] [stdout]     |
[INFO] [stdout] 
[INFO] [stdout] 
[INFO] [stdout] error[E0422]: cannot find struct, variant or union type `ClearData` in crate `gfx`
[INFO] [stdout]    --> src/main.rs:144:27
[INFO] [stdout]     |
[INFO] [stdout] 144 |     let clear_data = gfx::ClearData { color: [0.0, 0.0, 0.0, 1.0], depth: 1.0, stencil: 0 };
[INFO] [stdout]     |                           ^^^^^^^^^ not found in `gfx`
[INFO] [stdout] 
[INFO] [stdout] 
[INFO] [stdout] warning: unused `#[macro_use]` import
[INFO] [stdout]  --> src/main.rs:6:1
[INFO] [stdout]   |
[INFO] [stdout] 6 | #[macro_use]
[INFO] [stdout]   | ^^^^^^^^^^^^
[INFO] [stdout]   |
[INFO] [stdout]   = note: `#[warn(unused_imports)]` on by default
[INFO] [stdout] 
[INFO] [stdout] 
[INFO] [stdout] warning: unused import: `loc::Loc`
[INFO] [stdout]   --> src/brain.rs:14:5
[INFO] [stdout]    |
[INFO] [stdout] 14 | use loc::Loc;
[INFO] [stdout]    |     ^^^^^^^^
[INFO] [stdout] 
[INFO] [stdout] 
[INFO] [stdout] warning: unused import: `action::Action`
[INFO] [stdout]   --> src/brain.rs:16:5
[INFO] [stdout]    |
[INFO] [stdout] 16 | use action::Action;
[INFO] [stdout]    |     ^^^^^^^^^^^^^^
[INFO] [stdout] 
[INFO] [stdout] 
[INFO] [stdout] warning: the item `rand` is imported redundantly
[INFO] [stdout]   --> src/brain.rs:54:13
[INFO] [stdout]    |
[INFO] [stdout] 54 |         use rand;
[INFO] [stdout]    |             ^^^^
[INFO] [stdout]    | 
[INFO] [stdout]   ::: src/main.rs:18:1
[INFO] [stdout]    |
[INFO] [stdout] 18 | extern crate rand;
[INFO] [stdout]    | ------------------ the item `rand` is already imported here
[INFO] [stdout] 
[INFO] [stdout] 
[INFO] [stdout] warning: `...` range patterns are deprecated
[INFO] [stdout]   --> src/brain.rs:68:30
[INFO] [stdout]    |
[INFO] [stdout] 68 | ...                   4...10 => Event::None,
[INFO] [stdout]    |                        ^^^ help: use `..=` for an inclusive range
[INFO] [stdout]    |
[INFO] [stdout]    = note: `#[warn(ellipsis_inclusive_range_patterns)]` on by default
[INFO] [stdout] 
[INFO] [stdout] 
[INFO] [stdout] warning: unused import: `std::rc::Rc`
[INFO] [stdout]    --> src/render/fov.rs:307:9
[INFO] [stdout]     |
[INFO] [stdout] 307 |     use std::rc::Rc;
[INFO] [stdout]     |         ^^^^^^^^^^^
[INFO] [stdout] 
[INFO] [stdout] 
[INFO] [stdout] warning: unused import: `std::cell::RefCell`
[INFO] [stdout]    --> src/render/fov.rs:308:9
[INFO] [stdout]     |
[INFO] [stdout] 308 |     use std::cell::RefCell;
[INFO] [stdout]     |         ^^^^^^^^^^^^^^^^^^
[INFO] [stdout] 
[INFO] [stdout] 
[INFO] [stdout] warning: unused import: `loc::Loc`
[INFO] [stdout]    --> src/render/fov.rs:310:9
[INFO] [stdout]     |
[INFO] [stdout] 310 |     use loc::Loc;
[INFO] [stdout]     |         ^^^^^^^^
[INFO] [stdout] 
[INFO] [stdout] 
[INFO] [stdout] warning: unnecessary parentheses around `for` iterator expression
[INFO] [stdout]    --> src/render/scratch.rs:119:22
[INFO] [stdout]     |
[INFO] [stdout] 119 |             for x in (tl_loc.x..br_loc.x + 1) {
[INFO] [stdout]     |                      ^^^^^^^^^^^^^^^^^^^^^^^^ help: remove these parentheses
[INFO] [stdout]     |
[INFO] [stdout]     = note: `#[warn(unused_parens)]` on by default
[INFO] [stdout] 
[INFO] [stdout] 
[INFO] [stdout] warning: unused import: `config`
[INFO] [stdout]    --> src/render/scratch.rs:240:9
[INFO] [stdout]     |
[INFO] [stdout] 240 |     use config;
[INFO] [stdout]     |         ^^^^^^
[INFO] [stdout] 
[INFO] [stdout] 
[INFO] [stdout] warning: unused import: `pixset::Pixset`
[INFO] [stdout]    --> src/render/scratch.rs:243:9
[INFO] [stdout]     |
[INFO] [stdout] 243 |     use pixset::Pixset;
[INFO] [stdout]     |         ^^^^^^^^^^^^^^
[INFO] [stdout] 
[INFO] [stdout] 
[INFO] [stdout] warning: unused import: `chunk_loc::ChunkLoc`
[INFO] [stdout]    --> src/render/scratch.rs:245:9
[INFO] [stdout]     |
[INFO] [stdout] 245 |     use chunk_loc::ChunkLoc;
[INFO] [stdout]     |         ^^^^^^^^^^^^^^^^^^^
[INFO] [stdout] 
[INFO] [stdout] 
[INFO] [stdout] warning: unused import: `world_coord::WorldCoord`
[INFO] [stdout]    --> src/render/scratch.rs:246:9
[INFO] [stdout]     |
[INFO] [stdout] 246 |     use world_coord::WorldCoord;
[INFO] [stdout]     |         ^^^^^^^^^^^^^^^^^^^^^^^
[INFO] [stdout] 
[INFO] [stdout] 
[INFO] [stdout] warning: unused import: `size::Size`
[INFO] [stdout]   --> src/world_coord.rs:77:9
[INFO] [stdout]    |
[INFO] [stdout] 77 |     use size::Size;
[INFO] [stdout]    |         ^^^^^^^^^^
[INFO] [stdout] 
[INFO] [stdout] 
[INFO] [stdout] error[E0599]: no method named `borrow` found for struct `gfx_device_gl::Factory` in the current scope
[INFO] [stdout]    --> src/main.rs:92:42
[INFO] [stdout]     |
[INFO] [stdout] 92  |     let ref mut factory = window.factory.borrow().clone();
[INFO] [stdout]     |                                          ^^^^^^ method not found in `gfx_device_gl::Factory`
[INFO] [stdout]     |
[INFO] [stdout]     = help: items from traits can only be used if the trait is in scope
[INFO] [stdout] help: the following trait is implemented but not in scope; perhaps add a `use` for it:
[INFO] [stdout]     |
[INFO] [stdout] 44  | use std::borrow::Borrow;
[INFO] [stdout]     |
[INFO] [stdout] 
[INFO] [stdout] 
[INFO] [stdout] error[E0599]: no method named `handle` found for struct `gfx_texture::Texture<_>` in the current scope
[INFO] [stdout]    --> src/main.rs:112:64
[INFO] [stdout]     |
[INFO] [stdout] 112 |         factory, &image.to_rgba(), &texture_settings).unwrap().handle();
[INFO] [stdout]     |                                                                ^^^^^^ method not found in `gfx_texture::Texture<_>`
[INFO] [stdout] 
[INFO] [stdout] 
[INFO] [stdout] error[E0599]: no method named `borrow` found for struct `gfx_device_gl::Factory` in the current scope
[INFO] [stdout]    --> src/main.rs:92:42
[INFO] [stdout]     |
[INFO] [stdout] 92  |     let ref mut factory = window.factory.borrow().clone();
[INFO] [stdout]     |                                          ^^^^^^ method not found in `gfx_device_gl::Factory`
[INFO] [stdout]     |
[INFO] [stdout]     = help: items from traits can only be used if the trait is in scope
[INFO] [stdout] help: the following trait is implemented but not in scope; perhaps add a `use` for it:
[INFO] [stdout]     |
[INFO] [stdout] 44  | use std::borrow::Borrow;
[INFO] [stdout]     |
[INFO] [stdout] 
[INFO] [stdout] 
[INFO] [stdout] error[E0599]: no method named `handle` found for struct `gfx_texture::Texture<_>` in the current scope
[INFO] [stdout]    --> src/main.rs:112:64
[INFO] [stdout]     |
[INFO] [stdout] 112 |         factory, &image.to_rgba(), &texture_settings).unwrap().handle();
[INFO] [stdout]     |                                                                ^^^^^^ method not found in `gfx_texture::Texture<_>`
[INFO] [stdout] 
[INFO] [stdout] 
[INFO] [stdout] error[E0599]: no method named `draw_3d` found for enum `piston::Event` in the current scope
[INFO] [stdout]    --> src/main.rs:181:11
[INFO] [stdout]     |
[INFO] [stdout] 181 |         e.draw_3d(|stream| {
[INFO] [stdout]     |           ^^^^^^^ method not found in `piston::Event`
[INFO] [stdout] 
[INFO] [stdout] 
[INFO] [stdout] error[E0593]: closure is expected to take 1 argument, but it takes 2 arguments
[INFO] [stdout]    --> src/main.rs:232:11
[INFO] [stdout]     |
[INFO] [stdout] 232 |         e.mouse_cursor(|x, y| input.mouse_cursor(x, y));
[INFO] [stdout]     |           ^^^^^^^^^^^^ ------ takes 2 arguments
[INFO] [stdout]     |           |
[INFO] [stdout]     |           expected closure that takes 1 argument
[INFO] [stdout] 
[INFO] [stdout] 
[INFO] [stdout] error[E0593]: closure is expected to take 1 argument, but it takes 2 arguments
[INFO] [stdout]    --> src/main.rs:233:11
[INFO] [stdout]     |
[INFO] [stdout] 233 |         e.mouse_scroll(|dx, dy| input.mouse_scroll(dx, dy));
[INFO] [stdout]     |           ^^^^^^^^^^^^ -------- takes 2 arguments
[INFO] [stdout]     |           |
[INFO] [stdout]     |           expected closure that takes 1 argument
[INFO] [stdout] 
[INFO] [stdout] 
[INFO] [stdout] error[E0593]: closure is expected to take 1 argument, but it takes 2 arguments
[INFO] [stdout]    --> src/main.rs:234:11
[INFO] [stdout]     |
[INFO] [stdout] 234 |         e.mouse_relative(|dx, dy| input.mouse_relative(dx, dy));
[INFO] [stdout]     |           ^^^^^^^^^^^^^^ -------- takes 2 arguments
[INFO] [stdout]     |           |
[INFO] [stdout]     |           expected closure that takes 1 argument
[INFO] [stdout] 
[INFO] [stdout] 
[INFO] [stdout] error[E0599]: no method named `draw_3d` found for enum `piston::Event` in the current scope
[INFO] [stdout]    --> src/main.rs:181:11
[INFO] [stdout]     |
[INFO] [stdout] 181 |         e.draw_3d(|stream| {
[INFO] [stdout]     |           ^^^^^^^ method not found in `piston::Event`
[INFO] [stdout] 
[INFO] [stdout] 
[INFO] [stdout] error[E0593]: closure is expected to take 1 argument, but it takes 2 arguments
[INFO] [stdout]    --> src/main.rs:232:11
[INFO] [stdout]     |
[INFO] [stdout] 232 |         e.mouse_cursor(|x, y| input.mouse_cursor(x, y));
[INFO] [stdout]     |           ^^^^^^^^^^^^ ------ takes 2 arguments
[INFO] [stdout]     |           |
[INFO] [stdout]     |           expected closure that takes 1 argument
[INFO] [stdout] 
[INFO] [stdout] 
[INFO] [stdout] error[E0593]: closure is expected to take 1 argument, but it takes 2 arguments
[INFO] [stdout]    --> src/main.rs:233:11
[INFO] [stdout]     |
[INFO] [stdout] 233 |         e.mouse_scroll(|dx, dy| input.mouse_scroll(dx, dy));
[INFO] [stdout]     |           ^^^^^^^^^^^^ -------- takes 2 arguments
[INFO] [stdout]     |           |
[INFO] [stdout]     |           expected closure that takes 1 argument
[INFO] [stdout] 
[INFO] [stdout] 
[INFO] [stdout] error[E0593]: closure is expected to take 1 argument, but it takes 2 arguments
[INFO] [stdout]    --> src/main.rs:234:11
[INFO] [stdout]     |
[INFO] [stdout] 234 |         e.mouse_relative(|dx, dy| input.mouse_relative(dx, dy));
[INFO] [stdout]     |           ^^^^^^^^^^^^^^ -------- takes 2 arguments
[INFO] [stdout]     |           |
[INFO] [stdout]     |           expected closure that takes 1 argument
[INFO] [stdout] 
[INFO] [stdout] 
[INFO] [stdout] error[E0599]: no method named `clear_fov` found for struct `Fov` in the current scope
[INFO] [stdout]    --> src/render/fov.rs:321:13
[INFO] [stdout]     |
[INFO] [stdout] 35  | pub struct Fov {
[INFO] [stdout]     | -------------- method `clear_fov` not found for this
[INFO] [stdout] ...
[INFO] [stdout] 321 |         fov.clear_fov();
[INFO] [stdout]     |             ^^^^^^^^^ method not found in `Fov`
[INFO] [stdout] 
[INFO] [stdout] 
[INFO] [stdout] error: aborting due to 42 previous errors; 6 warnings emitted
[INFO] [stdout] 
[INFO] [stdout] 
[INFO] [stdout] Some errors have detailed explanations: E0252, E0422, E0425, E0432, E0433, E0573, E0593, E0599.
[INFO] [stdout] 
[INFO] [stdout] For more information about an error, try `rustc --explain E0252`.
[INFO] [stdout] 
[INFO] [stdout] error[E0609]: no field `flags` on type `Fov`
[INFO] [stdout]    --> src/render/fov.rs:322:21
[INFO] [stdout]     |
[INFO] [stdout] 322 |         assert!(fov.flags.iter().all(|flag| *flag != IN_FOV));
[INFO] [stdout]     |                     ^^^^^ unknown field
[INFO] [stdout]     |
[INFO] [stdout]     = note: available fields are: `start_angle`, `end_angle`, `width`, `height`
[INFO] [stdout] 
[INFO] [stdout] 
[INFO] [stdout] error[E0599]: no method named `get_width` found for struct `Fov` in the current scope
[INFO] [stdout]    --> src/render/fov.rs:328:21
[INFO] [stdout]     |
[INFO] [stdout] 35  | pub struct Fov {
[INFO] [stdout]     | -------------- method `get_width` not found for this
[INFO] [stdout] ...
[INFO] [stdout] 328 |         assert!(fov.get_width() == 2);
[INFO] [stdout]     |                     ^^^^^^^^^ method not found in `Fov`
[INFO] [stdout]     |
[INFO] [stdout]     = help: items from traits can only be used if the trait is implemented and in scope
[INFO] [stdout]     = note: the following trait defines an item `get_width`, perhaps you need to implement it:
[INFO] [stdout]             candidate #1: `ImageSize`
[INFO] [stdout] 
[INFO] [stdout] 
[INFO] [stderr] error: could not compile `dood-rs`.
[INFO] [stderr] 
[INFO] [stderr] To learn more, run the command again with --verbose.
[INFO] [stderr] warning: build failed, waiting for other jobs to finish...
[INFO] [stdout] error[E0599]: no method named `get_height` found for struct `Fov` in the current scope
[INFO] [stdout]    --> src/render/fov.rs:334:21
[INFO] [stdout]     |
[INFO] [stdout] 35  | pub struct Fov {
[INFO] [stdout]     | -------------- method `get_height` not found for this
[INFO] [stdout] ...
[INFO] [stdout] 334 |         assert!(fov.get_height() == 2);
[INFO] [stdout]     |                     ^^^^^^^^^^ method not found in `Fov`
[INFO] [stdout]     |
[INFO] [stdout]     = help: items from traits can only be used if the trait is implemented and in scope
[INFO] [stdout]     = note: the following trait defines an item `get_height`, perhaps you need to implement it:
[INFO] [stdout]             candidate #1: `ImageSize`
[INFO] [stdout] 
[INFO] [stdout] 
[INFO] [stdout] error[E0308]: mismatched types
[INFO] [stdout]    --> src/render/scratch.rs:260:63
[INFO] [stdout]     |
[INFO] [stdout] 260 |         assert!(scratch.loc_to_indices(Loc { x: 0, y: 0 }) == indices);
[INFO] [stdout]     |                                                               ^^^^^^^
[INFO] [stdout]     |                                                               |
[INFO] [stdout]     |                                                               expected enum `Option`, found struct `Indices`
[INFO] [stdout]     |                                                               help: try using a variant of the expected enum: `Some(indices)`
[INFO] [stdout]     |
[INFO] [stdout]     = note: expected enum `Option<Indices>`
[INFO] [stdout]              found struct `Indices`
[INFO] [stdout] 
[INFO] [stdout] 
[INFO] [stdout] error[E0308]: mismatched types
[INFO] [stdout]    --> src/render/scratch.rs:267:63
[INFO] [stdout]     |
[INFO] [stdout] 267 |         assert!(scratch.loc_to_indices(Loc { x: 1, y: 0 }) == indices);
[INFO] [stdout]     |                                                               ^^^^^^^
[INFO] [stdout]     |                                                               |
[INFO] [stdout]     |                                                               expected enum `Option`, found struct `Indices`
[INFO] [stdout]     |                                                               help: try using a variant of the expected enum: `Some(indices)`
[INFO] [stdout]     |
[INFO] [stdout]     = note: expected enum `Option<Indices>`
[INFO] [stdout]              found struct `Indices`
[INFO] [stdout] 
[INFO] [stdout] 
[INFO] [stdout] error[E0308]: mismatched types
[INFO] [stdout]    --> src/render/scratch.rs:274:64
[INFO] [stdout]     |
[INFO] [stdout] 274 |         assert!(scratch.loc_to_indices(Loc { x: 0, y: -1 }) == indices);
[INFO] [stdout]     |                                                                ^^^^^^^
[INFO] [stdout]     |                                                                |
[INFO] [stdout]     |                                                                expected enum `Option`, found struct `Indices`
[INFO] [stdout]     |                                                                help: try using a variant of the expected enum: `Some(indices)`
[INFO] [stdout]     |
[INFO] [stdout]     = note: expected enum `Option<Indices>`
[INFO] [stdout]              found struct `Indices`
[INFO] [stdout] 
[INFO] [stdout] 
[INFO] [stdout] error[E0308]: mismatched types
[INFO] [stdout]    --> src/render/scratch.rs:281:64
[INFO] [stdout]     |
[INFO] [stdout] 281 |         assert!(scratch.loc_to_indices(Loc { x: 2, y: -2 }) == indices);
[INFO] [stdout]     |                                                                ^^^^^^^
[INFO] [stdout]     |                                                                |
[INFO] [stdout]     |                                                                expected enum `Option`, found struct `Indices`
[INFO] [stdout]     |                                                                help: try using a variant of the expected enum: `Some(indices)`
[INFO] [stdout]     |
[INFO] [stdout]     = note: expected enum `Option<Indices>`
[INFO] [stdout]              found struct `Indices`
[INFO] [stdout] 
[INFO] [stdout] 
[INFO] [stdout] error: aborting due to 51 previous errors; 14 warnings emitted
[INFO] [stdout] 
[INFO] [stdout] 
[INFO] [stdout] Some errors have detailed explanations: E0252, E0308, E0422, E0425, E0432, E0433, E0573, E0593, E0599...
[INFO] [stdout] 
[INFO] [stdout] For more information about an error, try `rustc --explain E0252`.
[INFO] [stdout] 
[INFO] [stderr] error: build failed
[INFO] running `Command { std: "docker" "inspect" "dbfbb7bf0abee17ae65514dd055357a0cc5c2a6b5286ad09fe449dda5f82b404", kill_on_drop: false }`
[INFO] running `Command { std: "docker" "rm" "-f" "dbfbb7bf0abee17ae65514dd055357a0cc5c2a6b5286ad09fe449dda5f82b404", kill_on_drop: false }`
[INFO] [stdout] dbfbb7bf0abee17ae65514dd055357a0cc5c2a6b5286ad09fe449dda5f82b404
